**2/2 - 7. What are the prime factors of s(-1)?
3
Suppose 0 = -2*w - 3*j + 238, -254 = -2*w + j - 0*j. What are the prime factors of w?
5
Suppose -771 = -5*y + 374. What are the prime factors of y?
229
Let h = -26 - -82. What are the prime factors of h?
2, 7
Suppose -4*t - 20 = 4*z, z + 3 - 4 = t. Let u be (-6)/((3/t)/1). Suppose 2*d - u = d. List the prime factors of d.
2, 3
Let o(q) = q + 13. Let c(i) = -i - 14. Let p(l) = 4*c(l) + 5*o(l). Let t(x) = -2*x**2 + 5*x - 4. Let u be t(3). What are the prime factors of p(u)?
2
Suppose -35 = 2*l + 5*a, -3*a - 25 = l + a. Let j = 10 + l. Suppose -3*z = -4*y - 0*z, -2*z = -j*y + 7. List the prime factors of y.
3
Suppose -2*h - 2*i + 10 = 0, 0 = 3*h - 2*i - 28 + 8. List the prime factors of (-1)/(((-2)/h)/1).
3
Let v(x) = x**2 - x + 8. Let h(m) = 3*m**2 - 4*m + 23. Let n(g) = -4*h(g) + 11*v(g). What are the prime factors of n(3)?
2
What are the prime factors of (-1134)/(-66) + 6/(-33)?
17
Let y(m) = -m + 8. Let u be y(5). What are the prime factors of 189/28*8/u?
2, 3
Let w(z) = -z + 3. Let u be w(3). Suppose 0*v + 2*v - 20 = u. Let g = v + 5. What are the prime factors of g?
3, 5
Suppose -6*t + 2*t + 16 = 0. Let p = t - -1. List the prime factors of p.
5
Let x = -1 - -2. Let p = 5 + x. What are the prime factors of 4/p*162/12?
3
Suppose 18 + 54 = 3*q. Suppose 2*s = -4*s + 12. Suppose 0 = 2*c + s*c - q. What are the prime factors of c?
2, 3
Suppose 5*o - 74 = -4. What are the prime factors of 60/o*(-1 + 8)?
2, 3, 5
Let w(q) = q**2 + 5*q - 6. Let u be w(-6). Suppose 4*z + 3*s = -u*z + 15, 2*z - 3 = 3*s. Let f = z + 10. What are the prime factors of f?
13
Let s = -22 - -43. List the prime factors of s.
3, 7
Suppose 27 = -3*t - 2*f, -5*t - 4*f = -36 + 81. Let r = 13 + t. What are the prime factors of r?
2
Suppose 5*s + 70 = 2*l, 0 = -2*l + 3*l + 3*s - 24. What are the prime factors of l?
2, 3, 5
Let i(c) = -6*c**3 - 19*c**2 - 36*c - 41. Let t(u) = u**3 + 4*u**2 + 7*u + 8. Let x(k) = -2*i(k) - 11*t(k). List the prime factors of x(7).
2
Let c = 1 + -7. Let j(i) = -i**3 - 6*i**2 - 2*i + 2. What are the prime factors of j(c)?
2, 7
Suppose -5*z + 48 = -32. Let x = 34 - z. What are the prime factors of x?
2, 3
Let p = -33 + 88. What are the prime factors of p?
5, 11
Let a = -18 + 88. What are the prime factors of a?
2, 5, 7
Let k(w) = 12*w**2 + w - 1. List the prime factors of k(1).
2, 3
Let o(k) = -9*k**3 - 3*k**2 + 2*k. What are the prime factors of o(-3)?
2, 3, 5, 7
Let j(s) = 1 + s + 5*s**2 + s**2 + s. Let o = 1 - 2. List the prime factors of j(o).
5
Suppose 1840 = 18*m - 8*m. What are the prime factors of m?
2, 23
What are the prime factors of (-60)/2*2/(-2)?
2, 3, 5
Let a = 23 - -28. What are the prime factors of a?
3, 17
Let c be (0 - 6/(-3)) + 1. Suppose 0 = -c*x + 37 - 13. List the prime factors of x.
2
What are the prime factors of -237*-1*5/15?
79
Let x = 247 - 175. List the prime factors of x.
2, 3
Suppose -w = i - 0*w - 23, 0 = -3*i - 4*w + 70. What are the prime factors of i?
2, 11
Suppose 2*p + u = 140, -4*u = -6*u. List the prime factors of ((-6)/(-7))/(2/p).
2, 3, 5
Suppose 8 = -z + 4*f, -z + 0 = -2*f + 6. List the prime factors of (2 + -6)/z*3.
3
Suppose 5*q + 256 = 56. What are the prime factors of q/(-12) - 2/(-3)?
2
Suppose -20 = 4*k - 9*k. Suppose 4*g + k*z - z - 118 = 0, 2*g + 5*z = 66. Suppose 4*q + 2*d - g = 0, -5*q + 2*d + 34 = 5*d. What are the prime factors of q?
2
Let x(f) = -f**3 + f**2 - 2*f - 1. Let l be x(2). Let v be -1 - (l/(-3) + -28). Suppose 2*y - v = -y. What are the prime factors of y?
2
Suppose 0*q + 3*q - 80 = -5*a, 0 = -5*q. Suppose 2*g - a = -0. List the prime factors of g.
2
Let t(q) = q - 2*q**2 - 3*q + q**3 - 7 - 3*q**2. List the prime factors of t(6).
17
Suppose 3 = x + 2*b - 3, 0 = -5*x - 3*b + 2. Let n be -1 + (x - -4) + 10. Suppose r - n = 1. What are the prime factors of r?
2, 3
Let o = -2 - -26. Let t = o + -16. Let u = 16 - t. List the prime factors of u.
2
Let y(x) = -x + 3. Let h be y(-3). Suppose h*a - 92 = 2*a. What are the prime factors of a?
23
Let u be ((-16)/(-20))/(2/(-5)). Let r be u/4 - (-18)/(-4). Let s = r + 8. List the prime factors of s.
3
Suppose 115 = 3*y + 5*q - 355, 0 = 3*y - 4*q - 515. List the prime factors of y.
3, 5, 11
Let z(i) = 6 + 2*i**2 + 6*i - i**2 - 1. Let d be z(-5). Suppose d*a - 3 = -a. List the prime factors of a.
3
Let b(s) be the first derivative of -s**2/2 + 12*s + 2. List the prime factors of b(9).
3
Let l(j) = -3*j**2 + 0*j**3 + 0*j**3 + 2*j + 4*j**3 - 3*j**3. Let k be l(3). List the prime factors of ((-66)/9)/((-4)/k).
11
Let f = -15 - -31. What are the prime factors of f?
2
Let f be (2/3)/(12/(-54)). Let z = f + 13. What are the prime factors of z?
2, 5
Suppose 5*f + 3*c = 39, -2*c = -6*f + 4*f + 22. What are the prime factors of f?
3
Suppose 5*b = -m + 7, -b + 14 + 14 = 4*m. List the prime factors of m.
7
Suppose 108 = 2*c - 0*c. Let u be 366/c + 2/9. List the prime factors of (-2)/u - 144/(-14).
2, 5
Let z = -9 - 20. Let m = -10 - z. List the prime factors of m.
19
Let h(i) = i**3 + 4*i**2 - 5*i + 2. Let n be h(-5). Suppose 11 + 11 = n*z. What are the prime factors of z?
11
Let w = 79 - 19. What are the prime factors of w?
2, 3, 5
Let l(m) = 3*m**3 - 2*m**2 - 3*m + 2. Let q be ((-2)/(-2) + 7)/2. Let o = q + -2. What are the prime factors of l(o)?
2, 3
Suppose -5*m + 3*m + 10 = 0. Suppose -3*p - 13 = 3*g - 70, -p + 91 = m*g. What are the prime factors of g?
2, 3
Suppose 13*f + 57 = 14*f. List the prime factors of f.
3, 19
Let b = 165 + -38. What are the prime factors of b?
127
Suppose -k - 36 = -2*k. List the prime factors of k.
2, 3
Suppose 2*r + 4*x - 2*x - 18 = 0, 3*r = 5*x + 19. List the prime factors of r.
2
Suppose 4 = 2*t - 2. Let i = -1 + t. What are the prime factors of i?
2
Let w(u) = 2*u - 4. Let b = 22 - 16. List the prime factors of w(b).
2
Let p(i) = i - 3. Let k be p(4). Let b(c) = -4*c**2 - 2*c - 3. Let s(m) = 12*m**2 + 6*m + 8. Let u(y) = 11*b(y) + 4*s(y). What are the prime factors of u(k)?
5
Suppose 4*y = 102 + 242. Suppose 4*s = 20, 0 = o + 2*o - 5*s - y. List the prime factors of o.
37
Let p(s) = 4*s - 15. Let m be p(12). List the prime factors of (1 + 2)/(3/m).
3, 11
Let u(c) = c**3 + 16*c**2 - 14*c - 1. List the prime factors of u(-16).
223
Let n(o) = o**2 + o + 24. What are the prime factors of n(12)?
2, 3, 5
Let k be -1*(13 - -3 - 1). Suppose -2*j = -8, 2*l + 0*j + 28 = 5*j. Let d = l - k. What are the prime factors of d?
11
Let x = 158 + -33. What are the prime factors of x?
5
Suppose -4*s - 2 - 10 = 0. Let t be s/(-6)*0 - 1. List the prime factors of (14 - 1)*1 + t.
2, 3
Let r(n) = 2*n**2 - 2*n - 1. Let h = 2 - 5. Let t(z) = 2*z**2 - 3*z. Let f(k) = h*r(k) + 4*t(k). List the prime factors of f(4).
11
Suppose -3*q = 6*q - 1314. List the prime factors of q.
2, 73
List the prime factors of ((-1590)/20)/((-3)/2).
53
Let f = 15 + -35. Let h = -15 - f. What are the prime factors of h?
5
Let k be (-6)/4*(-8)/3. Suppose -7 + 23 = -k*t. Let n(m) = m**2 - 3. What are the prime factors of n(t)?
13
Let s(q) = 2*q**2 + 5*q - 6. List the prime factors of s(6).
2, 3
Let r(x) = 2*x**2 + 2*x - 2. Let w be r(-2). Suppose -3*d + 8 - w = 0. Suppose 2*l - 10 = d*p, -2*l + 2 + 13 = 3*p. List the prime factors of l.
2, 3
Let n = -10 - -15. Suppose -115 = -n*x + 5*t, 3*x - 39 = t + 20. List the prime factors of x.
2, 3
Suppose 273 = 100*j - 99*j. What are the prime factors of j?
3, 7, 13
Suppose -3*q + 32 = q. What are the prime factors of q?
2
Suppose -3*l + 4*y - 17 = 0, 3*l - 3*y + 5 = -10. List the prime factors of l/(-4) + 61/4.
2
Let h = 15 + -19. Let f = 17 + h. List the prime factors of f.
13
Let l(o) = -o - 2. Let f be l(-2). Suppose 60 = 4*w + u, 44 = 4*w + 5*u - f*u. List the prime factors of w.
2
Suppose 3*l + 3*m = -9, -4*l - 8*m - 16 = -3*m. What are the prime factors of l - -37 - (-2 + -1)?
41
Suppose -3 = -v - 1. Let p be (-4)/(-6) + (-948)/(-36). Suppose -v*f + p = f. List the prime factors of f.
3
List the prime factors of (-8)/(-4) - 1*-23.
5
Suppose 3 = -5*y - 2. Let x = 7 + -4. List the prime factors of (9/x)/y*-3.
3
Suppose -75 - 195 = -5*j. What are the prime factors of j?
2, 3
Suppose 0*t + 5*t + 5 = 0. Let l(v) = 8*v**2. List the prime factors of l(t).
2
Suppose c + 2*l = 2*c - 104, 